 List the prime factors of t.
11
Let k(m) = -16*m. Suppose 0 = -2*x - 10, -7 = u + 3*u + 3*x. Let h(a) = -a**2 + 3*a - 3. Let c be h(u). List the prime factors of k(c).
2
Suppose -3*f = 3*c - 21, -33 = -5*f - 3*c - c. List the prime factors of f.
5
Suppose 4*f - 8 = 2*f. Suppose -2*b = f*a - 70, -b - 5 = -a + 8. What are the prime factors of a?
2
Let s = -43 + 133. Suppose v - 6*v = -s. What are the prime factors of v?
2, 3
What are the prime factors of ((-1)/6)/(14/(-21))*292?
73
Let n(z) be the second derivative of z**5/20 - z**4/12 + 5*z**3/6 - 3*z**2/2 + z. What are the prime factors of n(3)?
2, 3, 5
Suppose -3*j = j - 28. Let z(d) = -j*d - 1 - 3 + 1. What are the prime factors of z(-2)?
11
Suppose -21*j - 60 = -26*j. What are the prime factors of j?
2, 3
Let t = 109 - 41. Suppose -p - 4*y = -25, -5*y + 82 + 88 = 5*p. Suppose -5*q + t = -p. List the prime factors of q.
3, 7
Let n(o) = -4 - 16*o + 4*o - 11 - o - o**2. What are the prime factors of n(-11)?
7
List the prime factors of ((-69)/(-4))/((-12)/(-32)).
2, 23
Suppose 3*h - 11 = 2*a, h + 0*h = 5. Let w be (-3)/a*(0 + -2). Let d = 10 + w. What are the prime factors of d?
13
Let j(w) = w**3 + 3*w**2 - 2*w + 3. Let c be j(-4). Let q = c + 10. Suppose 5 + q = 5*o. What are the prime factors of o?
2
Let t = -8 + 26. List the prime factors of t/5 - (-10)/25.
2
Let g(t) = t**3 + 6*t**2 - 6*t + 10. Let d be g(-7). Let n = 5 - d. Suppose -n*y + 0 = -6. List the prime factors of y.
3
Suppose -3 = -t - 2*k, -t + 13 = -6*k + 3*k. Suppose -3 = -y + t. List the prime factors of y.
2, 5
Let w = -256 - -558. List the prime factors of w.
2, 151
Suppose -3*u + 2 = -4. What are the prime factors of (u/(-3))/(10/(-105))?
7
Let n be 51/4 + (-4)/(-16). Let j = n + -7. List the prime factors of j.
2, 3
Let m(y) = y - 3. Let x be -9*(-2)/3 - -2. List the prime factors of m(x).
5
Suppose -3*a - 20 = -8*a. Let w = a - 5. List the prime factors of (2 + w)*-1 - -12.
11
Let l(v) = v**3 - 11*v**2 + 33*v + 14. List the prime factors of l(10).
2, 61
Let u be ((-90)/(-4))/(-3)*2. What are the prime factors of (-63)/u - 2/10?
2
Let g(w) = -6*w + 5. Let l be g(-5). Let b be 5/(0 + 2 - 1). Suppose -b*k + x = -l, 2*x = x. What are the prime factors of k?
7
Let t(u) = -u**3 + 4*u**2 - 5*u + 6*u**2 - 3 - 2 - 1. List the prime factors of t(9).
2, 3, 5
Suppose 540 = 5*b + 5*c, -b + 4 = -5*c - 110. List the prime factors of b.
109
Let k(w) = 9*w - 2. Let m be k(6). Suppose 0 = 7*n - 3*n - m. What are the prime factors of n?
13
List the prime factors of (-5)/(-20) + (-118)/(-8).
3, 5
List the prime factors of (14/28)/(3/1512).
2, 3, 7
Let a be 48 - (-1 - 0)*2. Suppose 5*q - 22 = -2*p, -1 = 4*q + 5*p - 22. Suppose q*c - a = -c. List the prime factors of c.
2, 5
Let d(c) be the third derivative of c**4/4 - 2*c**2. Let b be d(2). Suppose 2*r + 0*r = b. List the prime factors of r.
2, 3
Suppose 2 = -2*s + 4*s. Suppose 4*p = -s + 61. What are the prime factors of p?
3, 5
Suppose -r = -4*y + r + 96, 3*y - 90 = -3*r. What are the prime factors of y?
2, 13
Suppose 0*n + 20 = 5*n. Let f be 9/(-1)*(-2 + 1). Suppose -n*j - 1 = -f. What are the prime factors of j?
2
Let x(w) = -w**3 + w**2 - 2*w - 3. Suppose -3*v - 15 = 2*v. What are the prime factors of x(v)?
3, 13
Let s(y) = -4*y**3 - 3*y**2 - 3*y - 1. Let x be s(-2). Suppose -4*t - w + 30 = t, 0 = 2*t + 3*w - x. Let u = 11 - t. List the prime factors of u.
2, 3
Let z(f) = f**2 + 12*f - 17. Suppose 5*a - 2*a + 5*b = -55, 0 = 3*a - 2*b + 41. List the prime factors of z(a).
2, 7
Let z(u) = -27*u + 2. List the prime factors of z(-2).
2, 7
Suppose -4*k = -7*k - 3. Let s be (k - -6)/(1/6). Let n = s - 19. List the prime factors of n.
11
Let j(p) = p + 23. List the prime factors of j(0).
23
Suppose -36*t + 52 = -32*t. What are the prime factors of t?
13
Let b(l) = l**2 - 5*l - 9. Let f be b(8). Let z = 0 + f. What are the prime factors of z?
3, 5
Let o(c) = -3*c + 67. What are the prime factors of o(-20)?
127
Suppose 22*i + 355 = 27*i. List the prime factors of i.
71
Let f = -156 - -246. What are the prime factors of f?
2, 3, 5
Let t be 0 - -5 - (4 - 1). Suppose 3*r - 2*l = 10, -4*r - 5*l - 2 = -0*l. Suppose -5*s - 5*v + 30 = 0, 2*s + t = -s + r*v. List the prime factors of s.
2
Let w be (-3)/9 - (-13)/3. Suppose -3*z - 12 = -w*z. What are the prime factors of z?
2, 3
Let y be (-57)/(-1*9/6). Suppose 0 = 2*t - y - 32. What are the prime factors of t?
5, 7
Let w(d) = d**2 - 3*d - 2. Let s be w(4). Suppose -6 = -4*b + s. What are the prime factors of (b*-3)/(-2) + 8?
11
Let u = 0 - -2. Suppose 0*f + f - 4 = -r, -r = -f - u. List the prime factors of r.
3
List the prime factors of (-3)/(5/((-220)/3)).
2, 11
Let i be (4/(-3))/((-3)/18). Let a be 1*(-2 - (-5)/1). Suppose -c = a*c - i. What are the prime factors of c?
2
Let m(j) be the first derivative of j**2/2 - 9*j + 1. Let p be 13 - -1 - -2 - 4. What are the prime factors of m(p)?
3
Let d(p) = p**3 - 6*p**2 - 2*p - 4. Suppose -2*k - 6 = -3*k. Let n be d(k). Let r = n - -26. List the prime factors of r.
2, 5
Suppose -5*u - 301 = -5*k - 11, -u - 302 = -5*k. List the prime factors of k.
61
Let q(l) = -29*l**3 + l. Let r be q(1). Let t = -2 - r. What are the prime factors of t?
2, 13
Let c = 61 + -29. List the prime factors of c.
2
Suppose 1 = 3*p - 20. What are the prime factors of p?
7
Let p = 22 + -9. Suppose 3*n - 3*b = -12, -2*n + b - 15 = -4. Let a = p + n. List the prime factors of a.
2, 3
Let k be -2 - 4*(0 - 2). Suppose 24 - k = m. List the prime factors of (-220)/(-14) + m/63.
2
Suppose -35 = -3*u - 2*u. Let v(s) = -s**3 - 2*s**2 + 2. Let r be v(-2). Suppose f = u - r. List the prime factors of f.
5
Let l(q) be the second derivative of q**3/2 - q**2 + 7*q. What are the prime factors of l(3)?
7
Let v(i) = -i**3 - 8*i**2 - 9*i - 10. Let q(n) = -n. Let j be q(7). Let g be v(j). Suppose 2*k + 5*y - g = y, -k + 2 = 4*y. List the prime factors of k.
2
Let o be ((-4)/2 - -2) + -18. Let a = -13 - o. Suppose -28 = -3*m - m - 3*w, a*w + 70 = 5*m. List the prime factors of m.
2, 5
Suppose -4*n - l + 50 = 0, -8 = -3*l - l. Suppose 4*g + 20 = 2*t - 4, -4*t - 4*g + n = 0. List the prime factors of t.
2, 3
Suppose 0 = -3*w + 4*v - 4, w + 3*v - 28 = -3*w. Suppose 3*d - t - 59 = -5*t, 0 = d + w*t - 33. List the prime factors of d.
13
Suppose -f = 3*f + 20, 5*o - 3*f = 0. Let v = 2 - o. List the prime factors of v.
5
What are the prime factors of (307/(-2))/((-4)/8)?
307
Let x(b) = -9*b + 50. Let d be x(5). Suppose -2*u + 79 = -33. Suppose 25 = i - 4*c - 9, -2*i + d*c + u = 0. What are the prime factors of i?
2, 3
Let f be 1/3 - 1212/(-9). Suppose x - u - 26 = 0, 0 = -5*x + 3*u + u + f. List the prime factors of x.
31
Let n = 150 + -74. List the prime factors of n.
2, 19
Let s(g) = 5*g + 16. What are the prime factors of s(24)?
2, 17
Let n be 2 + 0 + -1 + 1. List the prime factors of 8/24*n*3.
2
Let j = 43 - 17. What are the prime factors of j?
2, 13
Let d = 370 + -125. List the prime factors of d.
5, 7
Let b be (-2)/((-2)/41) - 2. Let r = -22 + b. List the prime factors of r.
17
Suppose -2*o + 145 = 3*o. List the prime factors of o.
29
List the prime factors of 422/((4 - 1) + -1).
211
Let t = 27 + -11. Suppose 2*j = -2*j + t. Suppose -2*f + 3*f - 5*s = 0, 2*f = j*s + 12. List the prime factors of f.
2, 5
Let l(n) = 2*n + 16. List the prime factors of l(7).
2, 3, 5
Let l(n) = n + 7. Let v be l(-5). Suppose v*t = -0*t + 30. List the prime factors of t.
3, 5
Let x = 39 - 13. What are the prime factors of x?
2, 13
Let s(m) = 4*m - 7. Let o be s(8). Suppose -o = -2*l - 3. Suppose 2*u = h + l, -2*u + 5*h + 16 = -7. List the prime factors of u.
2
Suppose 33 = -4*t + 285. What are the prime factors of t?
3, 7
Let c(m) = -m**3 - m**2 + 2. Let w be c(0). Let n be w - (-1 - (0 - 3)). Suppose 0 = -r - 5*i + 12, 5*r - i - 128 + 42 = n. List the prime factors of r.
17
Let v = 16 + -7. List the prime factors of v.
3
What are the prime factors of (-66)/(-5)*(-15)/(-6)?
3, 11
Let g(y) = y + 8. Let c be g(-6). Suppose -s - 3*s + 41 = -5*m, 3*s - 25 = -c*m. List the prime factors of s.
3
List the prime factors of (36/8)/((5 + -2)/6).
3
Let m = -994 - -1395. List the prime factors of m.
401
Suppose p - 14 = 9. What are the prime factors of p?
23
Suppose 3 = -4*o + 15. S